he prime factors of t(-7).
5
Suppose 3*v - 2*t - 1495 = 0, 8*t - 10*t - 10 = 0. What are the prime factors of v?
3, 5, 11
List the prime factors of (-67 - -35)*(-1 + -19).
2, 5
Suppose 4*z - 2 = -5*x + 3*x, 0 = -x + 5*z - 13. What are the prime factors of (-260)/(-6) + 1/x?
43
Let v = 18 - 18. Suppose 0*p + 5*p - 15 = v. Suppose -j - p*j = -52. List the prime factors of j.
13
Let a be 9/(-12)*104/(-39). Suppose -3*g = 4*u - 596, 3*u = -a*g + 268 + 179. List the prime factors of u.
149
Let q = -418 + 960. List the prime factors of q.
2, 271
Suppose 0 = 2*q + 5*c - 701 + 194, -c - 769 = -3*q. List the prime factors of q.
2
Let h = 8 + -3. Let x(t) = 6*t**2 - 7. List the prime factors of x(h).
11, 13
Suppose 6*k - 2*k = -2*v + 12, 0 = -4*v - 16. Suppose 5*x - 800 = k*w, -864 = -4*x - w - 204. What are the prime factors of x?
2, 41
Let o be 0*(-2 + -2)/(-16). Suppose -2*r = -o*r - 64. What are the prime factors of r?
2
List the prime factors of (779/2)/(-6*(-4)/48).
19, 41
Let b(j) = j - 1. Let k be b(6). Suppose z + 3*h + 4 = 0, -z - 2*z + k*h + 58 = 0. Suppose 14*i - z*i - 45 = 0. What are the prime factors of i?
3, 5
Let b = 6148 + -4206. What are the prime factors of b?
2, 971
Let k(a) = a**2 + 21*a + 9. List the prime factors of k(-26).
139
Suppose -3*y + l = -9, -12 = -4*y - 0*l - 2*l. List the prime factors of (4 + (-22)/4)/y*-70.
5, 7
Let g(b) = 2923*b**3 - 3*b**2 + 2*b + 3. What are the prime factors of g(1)?
3, 5, 13
Let a(l) = 41*l**2 - 4*l - 10. What are the prime factors of a(4)?
2, 3, 5, 7
Let d(w) be the first derivative of w**4/4 - 3*w**3 + 4*w**2 + w + 9. List the prime factors of d(10).
181
Suppose 3 = -19*q + 16*q, -2*t = 4*q - 1964. List the prime factors of t.
2, 3, 41
Let i(k) = 4*k + 36. Let g be i(0). Let r = g - 13. What are the prime factors of r?
23
Suppose -4*i = -i. Suppose i = -3*k - 77 - 34. Let a = -4 - k. List the prime factors of a.
3, 11
Let s = -1162 - -2691. What are the prime factors of s?
11, 139
Let w(p) = -19*p - 5. Let l(o) = -38 + 21 + 20*o + 23. Let f(r) = 4*l(r) + 5*w(r). What are the prime factors of f(-1)?
2, 7
Let y(q) = -2*q**3 - 6*q**2 - 10*q + 41. What are the prime factors of y(-7)?
503
Let o = 75 + -70. Suppose u + o*j = 100, 4*u - 3*j - 417 = -6*j. List the prime factors of u.
3, 5, 7
Let t = -69 - -86. Let p be 6*4/(-18)*-3. Suppose 0 = p*x - b - 23, 0*x - 4*b - t = -x. What are the prime factors of x?
5
Let s(r) = 155*r**2 + 5*r - 5. List the prime factors of s(2).
5
Let m(u) = u**2 - 10*u + 7. Let b be m(7). Let f = b - -30. Suppose 2*d + 2 = f. List the prime factors of d.
7
Let g = -987 + 1650. Suppose 129 + g = 9*k. What are the prime factors of k?
2, 11
What are the prime factors of ((-13335)/(-63) - 2/3) + -4?
3, 23
Let c(h) be the third derivative of h**7/5040 + h**6/60 - h**5/12 + 5*h**2. Let a(x) be the third derivative of c(x). What are the prime factors of a(-6)?
2, 3
Let t be 7 + (-4 + -1 - -2). Suppose 0 = t*r - 0*r + 40. Let m = 47 + r. What are the prime factors of m?
37
Suppose -143 = x - 7. Let h be (1/2)/((-4)/x). Let y = h + -8. List the prime factors of y.
3
Suppose 1874 = 18*x - 1168. What are the prime factors of x?
13
Let z(h) = -h**3 - h**2 + 8*h + 6. Let v be z(-3). Suppose v = 3*g - 17 - 208. List the prime factors of g.
3, 5
Suppose 0*j + 5 = 5*j. Suppose 3*u + j = 13. Suppose -2*t - 2*s + u = 0, -5*t = -3*t - 4*s - 16. What are the prime factors of t?
2
Let j be (0 - -1) + (-95)/5. Let w = 42 + j. Suppose -3*z + w = -z. What are the prime factors of z?
2, 3
Let r(p) = p**2 + 3*p - 2. Let z(y) = -y**2 + 8*y + 13. Let l be z(9). Let f be (-6)/2 - (l + -1). What are the prime factors of r(f)?
2
Suppose 3*d = -5*d + 2832. What are the prime factors of d?
2, 3, 59
Suppose 5*q = -5*z, q - 4 = 3*z - 2*z. Let f be (3 + 9/(-6))*q. List the prime factors of 210/9 - (-2)/f.
2, 3
Suppose 11*n - 3 - 8 = 0. What are the prime factors of ((-14)/24*-4)/(n/87)?
7, 29
Let f = -580 + 1093. List the prime factors of f.
3, 19
Suppose -5*r - 24 = -129. Suppose 2*u - 11 = -w, -2*u + r = 5*w + 6. What are the prime factors of w*(-7 - -2)/(-1)?
5
Let a be 1 + 8 + (-2 - -3). Let u(g) = 2*g + 0 + 4 - a. List the prime factors of u(9).
2, 3
Suppose d - 2 = 0, 4*d - 34 - 7 = -v. List the prime factors of v.
3, 11
Suppose -40*j = -32*j. Let y(c) = c**3 - c**2 + 178. List the prime factors of y(j).
2, 89
Let d be 2*(43 - 1)/3. Suppose g + d = 8*g. What are the prime factors of g?
2
Let t(r) = r - 1. Let l(u) = -17*u - 7. Let i(j) = -l(j) + 2*t(j). Let x be i(-7). Let s = 191 + x. What are the prime factors of s?
3, 7
What are the prime factors of 37 - 1 - (34 - 36)?
2, 19
Let v = -50 - -860. List the prime factors of v.
2, 3, 5
Suppose -5*d + 4470 = 4*t, t + 519 = d - 366. What are the prime factors of d?
2, 5, 89
Let r = -265 - -1605. What are the prime factors of r?
2, 5, 67
Let k(v) = -v + 11. Let q be k(13). Let c be 6/(3/q*-1). Suppose 0*t = -t + c. What are the prime factors of t?
2
Let h(p) = -p + 10. Let g = 7 - 1. Let j be h(g). Suppose 0 = -j*a + 5*a - 9. What are the prime factors of a?
3
Let j be ((-18)/(-3))/((-18)/(-240)). List the prime factors of ((-1)/(-1))/(8/j).
2, 5
Suppose 0 = 12*x - 3611 - 4837. What are the prime factors of x?
2, 11
Suppose -10 = -5*c + 15. Let g = 20 - c. Suppose 2*q = -z + g, -2*q + 64 = 3*z - 1. List the prime factors of z.
5
Suppose 3*v - 39 = v - f, 4*f = -v + 37. Suppose 2*t = 5*c - 98, v - 75 = -3*c + t. What are the prime factors of 490/c + 4/(-18)?
3
Let r(w) = w**2 - 35*w + 330. What are the prime factors of r(54)?
2, 3, 113
Let n = -5 - -12. Suppose -p + n*p - 348 = 0. List the prime factors of -1 + 1 + p - -1.
59
Let v(d) = -14*d - 3. Suppose -5*a - 35 = -4*t, -34 = -0*a + 4*a - 2*t. List the prime factors of v(a).
151
Let n(x) = 15*x**2 + 12*x + 4. Let r(a) = -4*a**2 - 3*a - 1. Let h(y) = 6*n(y) + 22*r(y). What are the prime factors of h(-4)?
2, 5
Let g = 38 - 33. Suppose 4*x - 129 = g*k + 70, -3*x - 3*k + 156 = 0. List the prime factors of x.
3, 17
What are the prime factors of 1/(-2)*(-848)/2?
2, 53
Let b be 284/(-18) + 2/(-9). Let g be 3405/12 - 4/b. List the prime factors of 4/(-6) + g/12.
23
Let l = 24 - 17. Let x(k) = k**2 - 7*k. Let o be x(l). Suppose 3*b - y - 47 = 0, o = -y + 4*y - 3. What are the prime factors of b?
2
Let w = 41 - -146. What are the prime factors of w?
11, 17
Let t(p) = 76*p + 639. What are the prime factors of t(47)?
4211
Let j = 210 + -190. List the prime factors of j.
2, 5
Suppose -4*h + 2*g + 6 = -20, -2*h + 5*g + 33 = 0. Suppose -x = -0*x + 3*i - 11, -5*x + 99 = h*i. What are the prime factors of x?
23
Let q(d) = -d**2 - 9*d - 11. Let r be q(-8). What are the prime factors of 1 - (r - 75) - 3*1?
2, 19
Suppose -p - 168909 = -40*p. What are the prime factors of p?
61, 71
Suppose -2*q = -4*n - 6, 0*n + 2*n = -3*q + 9. Suppose -7*d + 22 = 3*x - q*d, -d - 17 = -3*x. List the prime factors of x.
2, 3
Let k(g) = g**2 + 12*g + 4. Let m be k(-12). Suppose -m*r + 55 = -145. What are the prime factors of r?
2, 5
Suppose -56*l + 54*l = -6. Suppose -l*o = o - 580. List the prime factors of o.
5, 29
Suppose -3*c - 4 - 20 = 0. Let t(g) = g**3 + 10*g**2 + g + 1. What are the prime factors of t(c)?
11
Suppose q = 3*q - 5*b - 41, 5*b = 4*q - 77. Suppose -q*j - 288 = -20*j. What are the prime factors of j?
2, 3
List the prime factors of -4*395/(-12)*3.
5, 79
Let j be 219*1/(-4 + 5). What are the prime factors of (-1)/((-660)/j - -3)?
73
Suppose 2*o + 3*o - 5*b = 1010, -2*b - 603 = -3*o. Let g = o + -140. What are the prime factors of g?
59
Let c(r) be the first derivative of -2 - 1/3*r**3 + 5*r + 3*r**2. What are the prime factors of c(6)?
5
Suppose -5*w = -l - 38, -3*l - 47 = -5*w + l. Suppose 0 = -w*c + 12*c - 160. List the prime factors of c.
2
Suppose -d + 16 = -26. Suppose 0*m + d = 2*m. List the prime factors of m.
3, 7
Suppose 4*x + 5*q - 594 = 0, 5*x - 79 - 653 = -q. List the prime factors of x.
2, 73
Let o(d) = 8*d**2 + 119*d - 79. What are the prime factors of o(22)?
3, 2137
Suppose 4*g + 4*v + 126 - 1382 = 0, 2*g = -5*v + 619. List the prime factors of g.
317
Suppose 3*k - 4*v + 2*v = 3, -2*k - 3 = -3*v. Let p(s) = 6*s - 3. List the prime factors of p(k).
3, 5
Let t = -1563 + 2672. List the prime factors of t.
1109